 s(f) = -f - 1. Let u(h) = -1. Let k(i) = p*u(i) + 3*s(i). Let g be -1*(-1 - 4/(-1)). Determine k(g).
5
Let m(x) = -x**3 - 5 + 4*x**2 - 4*x**2. Let r be m(0). Let h(c) = -c**3 - 6*c**2 - c + 7. Give h(r).
-13
Let k(f) = f - 6. Let l be k(3). Let w(d) = d**3 + 4*d**2 + d + 4. Determine w(l).
10
Let g(k) = -1. Let s(t) = t**2 - 3*t - 7. Let y(n) = 6*g(n) - s(n). What is y(4)?
-3
Let a(q) = -3*q. Let w(m) = -m**3 - 6*m**2 + 6*m + 1. Let b be w(-7). Suppose -3*s = s - b. Calculate a(s).
-6
Let p(l) = -l - 1. Let g(t) = -t**3 + 7*t**2 + 4*t + 4. Let n(i) = -g(i) + 3*p(i). Calculate n(8).
1
Let j(a) be the first derivative of -4 + 5/3*a**3 + 0*a**2 - 3*a - 1/4*a**4. Suppose 3*g = -g + 20. Give j(g).
-3
Let u(b) = b - 5. Suppose 0*g = -4*g + 24. Calculate u(g).
1
Let r(a) = -a + 3. Let f(b) = 8*b - 14. Let t(l) = 3*l - 5. Let p(q) = 4*f(q) - 11*t(q). Suppose -6*i = -3*i + 3. Let j(m) = i*r(m) + 2*p(m). Calculate j(-3).
-2
Let i(z) be the third derivative of z**8/6720 + z**7/2520 - z**6/180 - z**4/24 - z**2. Let t(g) be the second derivative of i(g). Let b be 2/8*2*-6. Give t(b).
-6
Let g(p) be the first derivative of p**6/120 - p**5/20 + p**4/8 - p**3/6 - 2*p**2 + 1. Let n(k) be the second derivative of g(k). Calculate n(2).
1
Let p be 4/10 + 26/10. Suppose 0 = 5*t - a + p - 2, t - 2 = -2*a. Let m(l) be the second derivative of -l**4/12 + 7*l**2/2 + l. What is m(t)?
7
Let c(w) = -w. Let q(l) = 8*l + 2. Let y(f) = f + 1. Let o(u) = q(u) - y(u). Let g(a) = -2*c(a) - o(a). Let j be -1 + 1 + -1 + 0. What is g(j)?
4
Let l(t) = 3*t - 11. Let u(b) = -10*b + 34. Let m(f) = 7*l(f) + 2*u(f). Let z(k) = -k**2 - k + 5. Let n be z(0). Let x = 10 - n. Calculate m(x).
-4
Let f = 0 + 3. Let i(n) = 1 - 4*n + n**f + 4 - 2*n**2 - 6. Let z(j) = j**2 + 7*j + 3. Let w be z(-7). What is i(w)?
-4
Let w(m) = 4 + 0*m + 0 + 2*m. Let c be (-2 + 1)*-1 + -9. Let q = c - -5. Give w(q).
-2
Let m(p) = -2*p**2 + 6*p + 5. Let l(r) be the third derivative of 0 + 3/8*r**4 + 0*r - 1/20*r**5 - 2*r**2 + 4/3*r**3. Let i(w) = 5*l(w) - 8*m(w). What is i(4)?
4
Let r(s) = -5*s + 32. Let l be r(6). Let i(v) = -v**3 + 2*v**2 + 2*v - 3. What is i(l)?
1
Suppose 16 = 4*a + 4*s, 13 = 5*a + s + 1. Let z(h) be the third derivative of 0*h + 0 - a*h**2 + 1/60*h**5 + 1/3*h**3 - 5/24*h**4. Determine z(3).
-4
Let p(l) = 11*l + 1. Suppose -s + 5*y - 16 = 0, s - 1 - 7 = -3*y. Calculate p(s).
-10
Let q(m) = 1. Let i(p) = 2*p - 10. Let g(y) = -i(y) - 5*q(y). Let n(h) = h**2 + 5*h + 5. Let f be n(-5). Determine g(f).
-5
Let r(n) be the first derivative of -n**2 + 12. Let h = 11 + -12. What is r(h)?
2
Suppose -4*t - 14 = -2*j, -5*j - 4*t = -t - 35. Let k(c) = c**3 - 6*c**2 - 5*c - 9. Give k(j).
5
Let o be (-3)/1 + 5 + -2. Suppose 3*u - 21 = -o*u. Let f(k) = k**3 + k**3 + 4*k - 6*k**2 - k**3 - u. Determine f(5).
-12
Let n(q) = q + 8. Let u(p) = p. Let t be u(-7). Calculate n(t).
1
Let g(d) = -9*d**3 - d. Let o(r) = 2*r + 3*r**3 - r**2 + 16*r**3 + 0*r. Let j(a) = -5*g(a) - 2*o(a). Let h be (1 + 0)/(3 - 4). Give j(h).
-6
Let m(y) = 3*y**2 + 15*y - 12. Let f(r) = -r**2 - 5*r + 4. Let g(p) = -11*f(p) - 4*m(p). Suppose -2*x - x + 18 = 0. Let l be (-40)/x + (-4)/(-6). Give g(l).
-2
Suppose -4*l = 4*r - 24, 1 + 5 = 2*l. Let k(q) be the first derivative of -2*q**3/3 + 2*q**2 + q + 22. Give k(r).
-5
Let k(l) = -l**2 + 3*l + 2. Suppose 4 = -4*i + 4*u, 2*i - 5*u = -u - 12. Determine k(i).
-2
Let z(s) = -s**2 + 7*s - 3. Suppose 7 = 3*a - 2. What is z(a)?
9
Let v(o) = -8*o + 9*o - 2 - 3*o. Give v(2).
-6
Let u(a) = -a - 11. Let o be u(-9). Let w(d) = 3 - 2*d - 5 + d. Calculate w(o).
0
Let c(f) = f**2 - f + 1. Let i(r) = r**3 - 3*r**2 + 2*r + 6. Let t(u) = -2*c(u) + i(u). Let m(d) = -2*d + 0 + 1 + 6*d**2 - d**2. Let z be m(1). Determine t(z).
4
Let p(c) = -5*c. Let d(m) = -12*m. Let k(h) = -4*h. Let q(j) = 5*d(j) - 16*k(j). Let s(a) = 2*p(a) + 3*q(a). Give s(-4).
-8
Let q(z) = 13*z**2 + 20*z + 5. Let p(y) = 7*y**2 + 10*y + 2. Let n(o) = -11*p(o) + 6*q(o). Give n(-10).
8
Let g(w) = -5*w - 9. Suppose 28 = -5*o + 8. Let f(i) be the first derivative of -i**2 - 5*i - 3. Let h(u) = o*g(u) + 7*f(u). Give h(-1).
-5
Let x(a) = -2*a**3 - 2*a**2 + a + 2. Let f(n) = -n**3 + 2*n**2 - n. Let h be f(2). Give x(h).
8
Let v(g) = -g**3 + 5*g**2 + 6*g + 6. Let i(p) = p - 7. Let d be i(13). Calculate v(d).
6
Let d(p) be the second derivative of p**3 - p**2 - 2*p. Suppose 0 = -4*n - 20, 0*n = -r + n + 7. What is d(r)?
10
Let n(t) = -t**3 - 4*t**2 + 2*t + 6. Let z be (-2 - 3) + (-2 - -5). Let d be -2 - (1 + (-2)/z). What is n(d)?
-2
Let w(m) = -2*m + 0 + 0*m - 4 + 5*m + 2*m**2. Give w(-4).
16
Suppose 21 = -0*h + 3*h. Let p = 0 + 1. Suppose l + p = h. Let t(w) = -w + 8. Give t(l).
2
Suppose -4*b - 4*x - 4 = 0, 3*b + 3*x - 5 = 2*x. Suppose -b*r + 8 = -25. Let g(f) = 0*f**2 - 3 + 0 - 6*f + r*f + 2*f**2. What is g(-4)?
9
Let k = -4 + 6. Let a(c) = -5*c + k*c - 2 + 1 - c. Suppose -5*w + w = m + 9, 0 = w + m + 6. Give a(w).
3
Let c(s) be the first derivative of 2*s + 1/4*s**4 - 3/2*s**2 + 0*s**3 - 1. What is c(2)?
4
Suppose 0 = -v + 2*j - 6, -2*v + 5*j - 11 = 2*j. Let f(u) = -u**3 - 3*u**2 + 6*u + 5. Give f(v).
-3
Let j = 0 + 0. Suppose j = -0*s - 3*s + 9. Let p(n) = -12*n + 1. Let d(a) = -a. Let w(r) = 22*d(r) - 2*p(r). Calculate w(s).
4
Let w be (4 - 3/1)*-1. Let g(r) = 4*r. Calculate g(w).
-4
Let d(t) = 3*t + 1. Let q = 3 + -4. What is d(q)?
-2
Let u(s) = -s**2 - s + 9. Suppose -3*b = -5*j, -5*j + 2*b = 3*b. Give u(j).
9
Let w(v) = -42 + 0*v**2 + 42 - v**2 + 2*v**3. Calculate w(-1).
-3
Let v(t) be the first derivative of -t**3/3 + 5*t**2/2 + 7*t + 1. Calculate v(7).
-7
Let t(k) = -45 + 2*k - 2*k**3 - 4*k - 40 + 84 + 4*k**2. Give t(3).
-25
Let y(s) be the third derivative of s**4/8 - s**3 - 3*s**2. Suppose f + 2 - 7 = 0. What is y(f)?
9
Let q = -41 + 44. Let o(u) = -u**3 + 5*u**2 - 3*u - 4. Calculate o(q).
5
Let b = -2 - -1. Let z be 0/(-3 + 16/4). Let r = z + b. Let h(n) = 5*n**2 + 1. What is h(r)?
6
Suppose -5*b = 2*n - 29, 4*b = 2*n + b + 11. Let r(q) = -q + 0 + 4 + n*q - 5 + 2*q**2. Determine r(1).
2
Let u be 2/2 - (2 + -3). Let j(o) = 11*o**u - 6*o - o**3 - 5*o**2 - o + 2*o. What is j(5)?
0
Let k(v) = 0 - v + 1 + 1. Give k(-8).
10
Let a(t) = -2 + t + 4 + 0 - 2*t. Determine a(-3).
5
Let m(k) be the second derivative of -k**4/3 - k**2 - 25*k. Give m(-2).
-18
Let x(h) = -h**3 - 4*h**2 - 3. Let j = 3 + -2. Let v = -13 - -16. Suppose f + j = -v. Determine x(f).
-3
Let h(m) = 4*m**3 - 7*m**2 - m + 3. Let k(y) = 3*y**3 - 7*y**2 - 2*y + 3. Let w(o) = 4*h(o) - 5*k(o). Let n be w(-6). Let x(l) = 2*l - 1. Give x(n).
-7
Suppose -f - 7 = -2*f. Let b be (-1 + f)*4/(-6). Let w(m) be the first derivative of -2*m**3/3 - 3*m**2 - 3. What is w(b)?
-8
Let g(p) = -14*p**3 + 17*p**2 + 15*p + 5. Let h(j) = -5*j**3 + 6*j**2 + 5*j + 2. Let o(c) = 4*g(c) - 11*h(c). Calculate o(3).
4
Suppose 0 = x + x. Suppose -3*s = -x*s + 9. Let o(a) be the second derivative of -a**3/6 - 3*a**2 - 2*a. Calculate o(s).
-3
Let n(p) = 10*p + 1. Suppose -1 = 6*o - 5*o. Determine n(o).
-9
Let i(l) be the second derivative of l**4/12 - 5*l**3/6 - 7*l**2/2 + l. Let w = -1 - 2. Let v = w + 8. Calculate i(v).
-7
Suppose 0 = w - 7. Let t(h) = h**2 - 7*h + 2. Determine t(w).
2
Suppose 2*m + 2*n + 10 = 4*m, -25 = -2*m + 5*n. Let i(s) = -3 - 3*s + m*s - 2 + 6*s. What is i(5)?
10
Suppose 0 = 2*b + 2*b - 16. Suppose -5*a = -w + 15, 2 = 2*w + b*a - 0. Let i(s) = s**3 - 6*s**2 + 6*s. What is i(w)?
5
Let f(j) = -3*j + 6 - 9 - j**2 + 6. Give f(-3).
3
Let v be (-1)/((-8)/(-4)) + 2/2. Let j(s) be the second derivative of -2/3*s**3 - v*s**2 + 0 + 4*s + 1/12*s**4. What is j(2)?
-5
Let s = -13 + 8. Let u(d) = -3*d - 2. Determine u(s).
13
Let f(v) = v**2 + 11*v + 32. Let s be f(-7). Let u(w) = -w**2 + 3*w + 4. What is u(s)?
0
Suppose 5*z - z - 13 = 5*g, 5*g = z - 7. Let w(f) = f**2 + 0*f**2 + f**z. Calculate w(2).
8
Let t(k) = k - 1. Let q(d) = 8*d - 8. Let s(c) = 4*q(c) - 36*t(c). Determine s(3).
-8
Let m = 7 - 7. Let o(c) be the third derivative of c**6/120 - c**4/24 - c**3/3 - 3*c**2. Calculate o(m).
-2
Let s(v) = -3*v - 4. Let z(k) = -10*k - 13. Let u(i) = 14*s(i) - 4*z(i). Suppose -2*f - 20 = 2*n, -3*n + n + 2*f = 0. Determine u(n).
6
Let i(y) = y + 8. Let p be i(-6). Let j be (-9)/(-7) - 8/28. Let o(h) = 